s s(2)?
-1
Let a(j) be the first derivative of j**3/3 + j**2/2 + 5*j - 4. Let i be a(0). Suppose 0 = -4*y + 16, -6*o + 2*o = i*y - 24. Let r(g) = 7*g. Determine r(o).
7
Let l = 440 + -449. Let z(i) = -i**2 - 10*i - 12. Determine z(l).
-3
Let z(g) = -g**3 - 3*g**2 + 7*g + 4. Let y be (-20)/(-8) + (75/10)/(-1). Calculate z(y).
19
Let k = 17 + 96. Let o = 109 - k. Let v(c) = -c**2 + c + 1. Let f(q) = -4*q**2 + 8*q + 2. Let n(h) = -f(h) + 5*v(h). Determine n(o).
-1
Suppose 15 = -j - 5*o + 5, 0 = 3*j + 5*o. Let s(q) = -4*q + 1. Let v(c) = 17*c - 4. Let a(d) = 26*s(d) + 6*v(d). Calculate a(j).
-8
Let k = -18 - -14. Let b be (-2)/k + (-153)/(-34). Let w(q) = -b + 3 + q**3 - q + 2 + 3*q**2 - 2. Give w(-3).
1
Let d(b) = 2*b + 7. Let s(v) = v - 1. Let q(g) = d(g) - 3*s(g). Let o(i) = 3*i - 30. Let r(l) = -2*o(l) - 7*q(l). Determine r(0).
-10
Let b(j) be the first derivative of j**2/2 + 5*j + 1. Suppose -5*o + n - 2*n + 420 = 0, 4*o - 3*n = 317. Let s = o - 83. Give b(s).
5
Suppose -5*u - 2*f - 28 = 5, u + 9 = -f. Let l(p) = -p**3 - 5*p**2 - p - 3. Give l(u).
2
Suppose 9*m - 28 = 8. Let d(j) = j**3 - 5*j**2 + 5*j. Determine d(m).
4
Let z(i) = -3*i**3 - 4 + 133*i**2 + 0 - i + 4*i**3 - 124*i**2 - 5. Calculate z(-9).
0
Let o(z) = z**3 + 7*z**2 + 9*z + 7. Let v be 2/(4/(-46)*-1*1). Suppose 0 = 9*q + v + 31. Calculate o(q).
-11
Let v(m) = -m**3 - 11*m**2 + 10*m - 7. Let k = -86 - -74. Calculate v(k).
17
Let a(t) = t**2 - 8*t - 5. Let p be (6/4)/(135/450). Calculate a(p).
-20
Let r(y) = 3*y - 30. Let x be r(8). Let t(d) = d**3 + 11*d**2 - d + 7. Let n(q) = -2*q**3 - 21*q**2 + 3*q - 13. Let z(u) = 6*n(u) + 11*t(u). What is z(x)?
-7
Let z(m) = -m + 6. Let u be (-4 - 1) + 616/28. Give z(u).
-11
Let z(k) be the third derivative of -k**6/120 - k**5/5 - k**4/2 + 5*k**3/2 - 62*k**2. Give z(-11).
26
Let q = -6 + -26. Let z = q - -37. Let m(r) = -2*r + 7. Determine m(z).
-3
Let k(v) = -v - 13. Let r(w) = -2*w**2 + 2*w + 7. Suppose 0 = 4*n + 1 - 21. Let i be r(n). Let f = i + 27. Give k(f).
-7
Let a(o) be the second derivative of -o**3/2 + 8*o**2 + 123*o + 2. Calculate a(4).
4
Suppose 0*h - 3*h + 63 = -9*q, h - 1 = -q. Let f(n) = -n**3 + 6*n**2 - 2*n - 7. Give f(h).
-19
Let u(c) = c + 2*c + 5 + 11*c**2 - 12*c**2. Let r(h) = h + 1. Let d be r(2). Suppose 2*w - 5 = d. Calculate u(w).
1
Let j be ((-122)/8 + 1)/((-18)/24). Let c = -53 + 87. Let s(r) = r**3 - j + c + r**2 + r - 7. Calculate s(0).
8
Let g(k) be the second derivative of -4*k**3/3 - k**2 + 285*k - 1. Give g(-3).
22
Let n(k) = k**2 + 7*k - 14. Let f(r) = r**2 - r - 4. Let m(c) = 2*f(c) - n(c). Give m(9).
6
Let j(f) be the first derivative of f**4/4 - 4*f**3/3 - 2*f**2 - 2*f - 154. Suppose -5*o + 10 = -2*y, -7 = 3*y - 2*y - 3*o. Calculate j(y).
3
Let m(v) = -v**2 + 5*v + 44. Let y be m(-4). Let z(o) = 2*o - 11. Determine z(y).
5
Let c be 0/(3/1) + 2. Suppose -f - 5*j + 8 = -c*f, 3*j = 5*f - 4. Let w(n) = 5*n**2 + 4*n + 0*n**f - 2 - 8*n**2 + 4*n**2. Give w(-5).
3
Let p(c) = -c**2 - 5*c + 3. Suppose -4*o + 5 = 21. Let g(i) = i**3 + 5*i**2 + 4*i - 1. Let u be g(o). Let l be u + 3*(-16)/12. What is p(l)?
3
Let k(x) = -x + 7. Let p = 61 - 116. Let i be ((-2)/10 + (-11)/p)/(-1). Determine k(i).
7
Let c(x) = -2*x + 4. Let d(y) = 5*y - 11. Let q(m) = 17*c(m) + 6*d(m). Let v(j) = j**2 + 57*j - 752. Let h be v(11). Determine q(h).
18
Let p(o) = 6*o + 16. Let g(s) = s + 3. Let f(n) = -11*g(n) + 2*p(n). Let j be f(2). Let y(i) = 8 + 6 + i - j + 1. Determine y(0).
14
Let j(o) = 10*o**2 - 5*o + 6*o**2 - 22*o**2 + 3*o. Give j(-2).
-20
Let y(d) = -d**3 - 5*d - 3*d + 3*d - 7*d**2. Let a be 0 + 0 + 0 - (-1 + -4). Suppose a + 1 = 2*k, -o = -4*k + 18. Give y(o).
-6
Suppose 9*a = 2*a. Let f(r) = r**2 + 2*r + 20. Let l(q) = -3*q**2 - 5*q - 39. Let c(x) = 5*f(x) + 2*l(x). What is c(a)?
22
Let r = 53 - 22. Let u(o) = -20*o - 16*o + r*o + 6. Let h be u(2). Let b(s) = -s - 2. Give b(h).
2
Let a(f) = f - 7. Suppose l = 9 - 6. Let b be (-1)/l + ((-52)/(-12) - 4). Give a(b).
-7
Let m(n) = -8*n - 41. Let v(u) = -15*u - 75. Let l(a) = -11*m(a) + 6*v(a). Let y(c) = -c**2 - 6*c + 5. Let w be y(-7). Give l(w).
5
Let n(w) = w**2 - 7*w - 4. Suppose 0 = 2*q + 37*u - 36*u - 11, -4*q = -2*u - 34. What is n(q)?
-4
Let j(f) = 22*f - 2*f + 3 - 10*f - 8*f. Suppose -4*s - 2*n = 8, -n - n = -4. Give j(s).
-3
Let v be (5 - (-136)/(-32))/(6/16). Let f be (v - 0)*(-84)/(-24). Let r(p) = 5*p - 3. Give r(f).
32
Let w = 745 - 743. Let l(a) be the second derivative of 0 + 4*a + 2/5*a**5 + 1/2*a**w + 1/12*a**4 + 1/3*a**3. What is l(-1)?
-8
Let b(j) = -3*j**3 + 4*j**2 - j**2 + 4*j**3 - j. Let p(m) be the second derivative of m**4/12 + 5*m**3/6 + 3*m**2/2 - 14*m. Let d be p(-2). What is b(d)?
3
Let r(s) = 3*s**2 - 10*s + 12. Let o be r(8). Let m be -2*(o/8)/1. Let i = 26 + m. Let j(y) = y**2 + 6*y + 7. Calculate j(i).
2
Let f(x) = -4*x**2 + x + 4. Let r(a) be the second derivative of -5*a**4/12 + 2*a**2 - 2*a. Let d = -3 + 6. Let m(w) = d*r(w) - 4*f(w). Give m(3).
-7
Let u(f) = f - 13. Let m be u(7). Let l(q) = -3*q**3 - q**2 - 2. Let v(j) = -16*j**3 - 11*j**2 - 16. Let i(y) = 5*l(y) - v(y). Give i(m).
6
Let s(n) = 3*n + 3180 - 3180. Suppose -5*u + 1 - 6 = 0. Calculate s(u).
-3
Suppose 26 = 5*n + 1, 4*z - 4*n = 0. Let p be z*(14/(-18) + (-22)/99). Let v(x) = -x**3 - 5*x**2 - 2*x - 2. What is v(p)?
8
Suppose 11*z = 29*z - 36. Let j(b) be the second derivative of 2*b - 1/2*b**4 + 0 + 1/20*b**5 - b**z + 5/6*b**3. Give j(5).
-2
Let y(o) be the third derivative of -13*o**4/24 + o**3/3 - 17*o**2 - 4. Give y(-1).
15
Let c(l) be the second derivative of -3*l**5/10 + l**4/6 - l**3/6 + 15*l - 1. What is c(1)?
-5
Let j(i) be the second derivative of i - 5/2*i**2 + 0 + 1/2*i**3 - 1/12*i**4. Determine j(5).
-15
Let q(f) = f**3 - f**2 - 6*f + 1. Let o be q(4). Let d(v) = -v**3 + 26*v**2 - 25*v. What is d(o)?
0
Suppose -3*g + 7 = 28. Let j(a) = -4*a - 21. What is j(g)?
7
Let p(w) = -w**3 - 12*w**2 + 9. Let u be p(-12). Let d(v) = -13*v + u - 26 + 18. Determine d(1).
-12
Let b(d) = -d - 5. Let c be b(-12). Let t(w) = 0*w**2 - 4*w**2 - c + 3*w**2 - 6. What is t(0)?
-13
Suppose 0 = -2*k - 2, 8 = 4*b - 2*k - 6. Let a(d) = 32 - b*d**3 + 27 - 60. Determine a(-2).
23
Let w = -31 - -37. Let c(u) = w - 10 + 6*u**2 - 2*u + u**3 + 0. What is c(-6)?
8
Let l be 1 + 0 - (5 + -3). Let p(c) = 4*c**2 + 2*c + 2. Let h be p(l). Let j(d) = -d**2 + 2*d + 1. What is j(h)?
-7
Let b = 61 - 109. Let o be (-3 - b/15)*10. Let w(l) = -l**2 + 1. Let q(t) = -2*t**2 + 3. Let z(y) = -4*q(y) + 12*w(y). Determine z(o).
-16
Suppose -57 = -14*y - 5*y. Let k(o) = 2 - 2*o**2 - 3*o**3 + 1 + 4*o**3. Determine k(y).
12
Let l(a) = -3*a - 8. Let n be (10/(-16))/((-2)/(-16)). Calculate l(n).
7
Suppose 0 = 10*t - 9*t. Suppose t = -24*p + 21*p + 24. Let a(i) = -2*i + 8. Give a(p).
-8
Suppose 12*x + 2*q + 22 = 14*x, -3*q = 15. Let w(v) = v**3 - 7*v**2 + 6*v + 3. Give w(x).
3
Let m(a) = -a**2 + a. Suppose 0*h - 6*h = 16*h. Determine m(h).
0
Let t(k) = -4*k**3 + 0*k**2 + 8*k**3 - 7*k**3 - k - 6*k**2 + 5 + 2*k**3. What is t(-4)?
-23
Let b(v) = -v**3 + 23*v**2 + 2*v - 42. Let l be b(23). Let m(u) be the third derivative of 0 - 4*u**2 + 0*u + 1/6*u**3 + 0*u**l + 1/20*u**5. Determine m(1).
4
Let o(y) = -4*y**2 + 28*y + 16. Let x(h) = -h**2 + 2*h - 1. Let v(d) = -o(d) + 3*x(d). Calculate v(23).
4
Let w(r) be the third derivative of -r**6/120 + 7*r**5/60 + r**4/24 + 7*r**3/6 + 143*r**2 - 2. What is w(7)?
14
Let r(x) = -17*x**3 - 1. Suppose -20*u - 22 = -2. Give r(u).
16
Let z(k) = -k**2 + 2*k - 1. Let g(b) = b**2 + b - 9. Let o be g(3). Suppose 5*y = -3*q - q + 24, 5*y - o*q = 17. Calculate z(y).
-9
Let o(m) = 2*m + 33. Let i(y) = y + 21. Let s(f) = -3*i(f) + 2*o(f). Give s(-12).
-9
Let a(m) = -406*m - 2 + 403*m + 8. Determine a(9).
-21
Let m be -6 + -1*0/1. Let d = -114 + 127. Let t(v) = 3*v**3 - 13*v**2 - 4*v + 11. Let w(g) = g**3 - 6*g**2 - 2*g + 5. Let u(o) = d*w(o) + m*t(o). What is u(-1)?
6
Let i(s) = s**3 + 6*s**2 + 2*s - 2. Suppose -1640 = 11*z - 1585. Determine i(z).
13
Let z(r) be the first derivative of r**4/4 + r**3 - 5*r**2/2 - 7*r + 298. Calculate z(-4).
-3
Let o(b) = b**3 + 9*b**2 - 8*b + 11. Let w(g) = 7*g + 480. Let r be w(-70). Give o(r).
-9
Suppose -2*c + 1 + 9 = 0. Let q(i) = 5*i + 0*i - c*i - 5 + 2*i. Calculat